
-19
Let u(f) = 58379*f + 116822. Give u(-2).
64
Let w(y) = 1965*y - 6490. Determine w(3).
-595
Let h(b) = 225*b + 10988. Calculate h(-49).
-37
Let u(k) = -558534*k - 1675611. Give u(-3).
-9
Let c(k) = -k**3 + 28*k**2 + 74*k + 2041. Calculate c(33).
-962
Let q(h) = -36*h**2 - 66*h - 70. Calculate q(-1).
-40
Let p(q) = 616*q - 8731. Give p(14).
-107
Let r(p) = 8176*p**2 + 40936*p + 216. Calculate r(-5).
-64
Let v(k) = -1333*k + 2642. Calculate v(2).
-24
Let j(h) = -135*h - 23121. Calculate j(-173).
234
Let i(y) = y**3 + 22*y**2 + 669*y + 10626. Determine i(-18).
-120
Let d(c) = 3*c**3 - 900*c**2 + 4*c - 1101. What is d(300)?
99
Let u(m) = 12*m**3 + 19*m**2 + 51*m. Calculate u(-2).
-122
Let f(u) = 3*u**3 + 16*u**2 + 34*u + 48. Determine f(-5).
-97
Let g(h) = -670003*h - 2010026. Determine g(-3).
-17
Let a(t) = -28*t**2 - 295*t + 314. Calculate a(1).
-9
Let i(v) = 79781*v - 398891. Calculate i(5).
14
Let f(a) = a**3 - 328*a - 2262. What is f(-10)?
18
Let l(h) = -5*h**3 + 2257*h**2 - 1324*h + 190319. Calculate l(451).
-3
Let d(k) = k**2 + 2028*k + 38265. Calculate d(-19).
94
Let z(p) = 10*p**2 + 492*p - 384. Give z(-46).
-1856
Let a(w) = w**2 + 15*w - 13515. Give a(109).
1
Let v(h) = -7484*h + 1392030. What is v(186)?
6
Let g(f) = -1184*f - 21368. Give g(-18).
-56
Let f(c) = 152*c - 9618. Calculate f(63).
-42
Let c(s) = 295*s - 15359. What is c(60)?
2341
Let t(a) = -6*a**3 - 43*a**2 + 484*a + 528. Calculate t(-1).
7
Let o(h) = -3596*h - 2668233. What is o(-742)?
-1
Let p(f) = f**2 + 437*f + 23300. Calculate p(-61).
364
Let d(w) = 196*w - 98216. Determine d(501).
-20
Let s(r) = -136674*r - 1093375. Calculate s(-8).
17
Let x(n) = 29836*n + 268561. Determine x(-9).
37
Let d(c) = -c**3 - 17*c**2 - 152*c - 566. Calculate d(-7).
8
Let j(q) = -q**3 + 815*q**2 - 11970*q - 354. Calculate j(15).
96
Let u(a) = a**2 - 5*a - 2478. What is u(53)?
66
Let m(y) = -3*y**2 - 360*y + 3843. Give m(-130).
-57
Let k(a) = 47*a**3 - a**2 + 133*a + 272. Give k(-2).
-374
Let w(b) = -25085*b + 100356. What is w(4)?
16
Let v(a) = -2*a**2 + 1421*a - 157131. What is v(137)?
8
Let v(q) = 4*q**3 + 11*q**2 + 1495*q + 7421. What is v(-5)?
-279
Let n(s) = 93*s**3 - 1034*s**2 - 118*s + 2631. What is n(11)?
2
Let t(o) = -2*o**3 + 57*o**2 - 68*o - 67. Determine t(27).
284
Let m(c) = 4*c**2 - 79*c - 1053. Calculate m(-13).
650
Let t(s) = 2*s**3 - 1871*s**2 - 36273*s - 36. What is t(-19)?
2
Let s(m) = -3*m**2 + 69*m - 20. What is s(23)?
-20
Let d(k) = k**3 - 103*k**2 - 797*k + 39501. What is d(107)?
18
Let u(f) = f**2 + 634*f + 22603. Give u(-38).
-45
Let u(z) = -z**3 - 12*z**2 + 20*z + 74. What is u(-2)?
-6
Let p(o) = 15*o**2 - 496*o + 1366. Determine p(31).
405
Let a(d) = -7*d**2 + 27*d + 6. Determine a(1).
26
Let m(g) = 2*g**3 + 242*g**2 - 2010*g + 3727. Give m(5).
-23
Let v(u) = -7434*u - 111512. What is v(-15)?
-2
Let i(u) = 60685*u - 121367. Calculate i(2).
3
Let o(f) = 1652*f**2 + 1533*f - 112. Calculate o(-1).
7
Let l(a) = a**3 - 113*a**2 + 119*a - 779. Give l(112).
5
Let z(q) = -17*q**2 + 119*q - 334. What is z(5)?
-164
Let q(c) = 514778*c - 32431008. Give q(63).
6
Let s(w) = -79139*w - 1503642. Give s(-19).
-1
Let u(f) = 2766*f - 171362. Calculate u(62).
130
Let d(p) = 529815*p + 5298156. What is d(-10)?
6
Let a(r) = -87*r**2 + 2637*r - 81. Calculate a(28).
5547
Let k(y) = 223*y + 1798. Determine k(-12).
-878
Let c(u) = 156374*u + 2971119. Give c(-19).
13
Let u(s) = -s**3 + 5*s**2 + 285*s - 140. Calculate u(20).
-440
Let s(g) = -189549*g + 1705940. Determine s(9).
-1
Let i(a) = 2*a**2 + 271*a + 3692. What is i(-115)?
-1023
Let m(p) = 51*p**2 - 9519*p - 38092. Calculate m(-4).
800
Let t(f) = -18*f**2 - 607*f - 5217. What is t(-17)?
-100
Let w(t) = -2*t**3 + 106*t**2 - 1291*t + 676. What is w(18)?
118
Let r(m) = -2*m**2 + 965*m - 81446. Calculate r(109).
-23
Let k(d) = -2*d**3 - 1524*d**2 + 3046*d + 6. What is k(2)?
-14
Let q(c) = 1249*c + 102726. Give q(-82).
308
Let q(x) = -3739*x - 2733. Give q(-2).
4745
Let l(g) = 45*g**2 + 411*g - 43. Determine l(-7).
-715
Let x(o) = 261*o**2 + 5478*o - 47. Determine x(-21).
16
Let i(a) = 1336*a + 59013. Give i(-44).
229
Let y(d) = 3*d**3 + 71*d**2 - 456*d - 10394. Calculate y(-24).
-26
Let t(f) = -3*f**3 - 186*f**2 - 1830*f - 1507. Calculate t(-50).
-7
Let s(p) = -4*p**2 + 426*p - 6660. What is s(95)?
-2290
Let h(y) = -y**3 - 108*y**2 + 1775*y + 159. What is h(16)?
-3185
Let z(u) = -u**3 - 135*u**2 - 2688*u - 2663. Calculate z(-111).
1
Let g(c) = 2*c**3 + 33*c**2 + 30*c - 9. Determine g(-5).
416
Let t(s) = -s**3 - 103*s**2 + 32*s + 3388. What is t(-103)?
92
Let a(w) = 512855*w - 7180044. Give a(14).
-74
Let k(l) = -17*l**2 - 847*l + 63727. Give k(-91).
27
Let b(m) = 3801*m - 102430. Give b(27).
197
Let n(s) = -14*s**2 + 32*s + 21. Determine n(3).
-9
Let a(r) = 4*r**3 - 102*r**2 - 119*r + 46. Determine a(27).
1207
Let d(n) = 10461*n - 648700. Calculate d(62).
-118
Let s(i) = -276*i + 45281. What is s(146)?
4985
Let b(s) = 8*s**2 + 273*s - 2792. Calculate b(10).
738
Let t(d) = -3*d**3 - 34*d**2 - 434*d - 4642. Give t(-11).
11
Let s(c) = 4*c**3 - 7*c**2 + 10*c + 815. What is s(0)?
815
Let l(y) = -6*y**3 - 552*y**2 - 2106*y + 534. Calculate l(-88).
6
Let m(d) = 11*d**2 - 3188*d + 2644. Determine m(289).
43
Let f(r) = -2705*r - 289453. What is f(-107)?
-18
Let q(t) = -27683*t + 193935. Give q(7).
154
Let y(d) = 5705*d + 124565. Give y(-22).
-945
Let a(i) = 15*i**3 + i**2 + 362*i - 364. Give a(1).
14
Let v(b) = 6*b**3 + 125*b**2 - 146*b + 109. Give v(-22).
-67
Let t(s) = -s**3 - 328*s**2 - 24596*s - 704. Give t(-212).
144
Let a(v) = 1706841*v - 17068422. What is a(10)?
-12
Let i(c) = 2*c**3 + 250*c**2 + 488*c - 550. Calculate i(-123).
-58
Let h(o) = o**2 + 7990*o + 95741. What is h(-12)?
5
Let y(l) = 2*l**3 + 6*l**2 + 48*l + 69. Calculate y(-2).
-19
Let x(d) = 49099*d - 245481. Calculate x(5).
14
Let p(v) = -17*v**2 + 415*v - 3306. Determine p(8).
-1074
Let l(h) = -h**2 + 167353*h + 2008370. Determine l(-12).
-10
Let s(c) = 88*c + 87. Give s(-4).
-265
Let o(z) = -z**3 - 88*z**2 - 403*z + 1076. Give o(-83).
80
Let j(t) = 3908*t - 11567. Give j(3).
157
Let y(z) = z**2 + 6*z - 388. Give y(16).
-36
Let m(h) = -h**2 + 167*h - 5189. Determine m(31).
-973
Let t(q) = -3*q**3 - 69*q**2 - 291*q - 9. Calculate t(-10).
-999
Let g(s) = -14244*s + 256460. Calculate g(18).
68
Let f(a) = 1818*a - 332722. Give f(183).
-28
Let j(i) = -17168*i + 85869. Give j(5).
29
Let n(q) = 476*q + 149128. Determine n(-313).
140
Let b(v) = 52566*v + 8673393. Give b(-165).
3
Let h(i) = -i**3 + 386*i**2 + 1233*i - 26249. Give h(389).
-575
Let r(t) = -513*t**2 + 16172*t + 16173. What is r(-1)?
-512
Let c(p) = -p**3 - 46*p**2 - 371*p - 318. What is c(-36)?
78
Let g(d) = -12*d**2 + 554*d - 209. What is g(43)?
1425
Let p(q) = -2*q**2 + 1730*q + 477406. Calculate p(-220).
6
Let m(o) = o**3 - 43*o**2 + 231*o - 1543. What is m(38)?
15
Let w(d) = 6445*d + 167622. Determine w(-26).
52
Let m(d) = -d**3 + 212*d**2 - 200*d - 2339. Give m(211).
-18
Let j(l) = -296*l**3 + 2*l**2 - 775*l + 1547. Calculate j(2).
-2363
Let t(k) = -203*k**2 + 37798*k - 7473. Determine t(186).
-33
Let c(t) = -2*t**3 - 64*t**2 + 239*t + 708. Determine c(-35).
-307
Let d(v) = -5392*v + 350448. Determine d(65).
-32
Let i(s) = -s**3 - 283*s**2 - 7378*s - 3046. Calculate i(-254).
2
Let l(v) = 370*v + 15882. Calculate l(-43).
-28
Let z(t) = t**3 + 3*t**2 - 20*t + 3502. Calculate z(0).
3502
Let r(l) = 524*l + 162741. Calculate r(-312).
-747
Let o(l) = -9*l**2 - 430*l + 32. Give o(-48).
-64
Let k(g) = 10725*g + 7754172. Give k(-723).
-3
Let f(y) = -10*y**3 + 82*y**2 + 1030*y - 246. Calculate f(-7).
-8
Let a(t) = 95913*t - 95871. What is a(1)?
42
Let s(v) = 204937*v + 1024712. What is s(-5)?
27
Let y(q) = q**3 - 4*q**2 - 861*q + 1044. What is y(-28)?
64
Let r(c) = -2*c**3 + 34*c**2 + 85*c - 1814. Calculate r(8).
18
Let c(k) = -70*k**3 + 2*k**2 + 272*k - 274. Determine c(1).
-70
Let z(f) = 3999*f - 587845. Calculate z(147).
8
Let c(o) = 3*o**2 + 1287*o + 51036. Calculate c(-385).
216
Let q(d) = -d**3 + 287*d**2 - 1381*d + 26. What is q(5)?
171
Let c(t) = 50*t**3 + 2*t**2 - 46*t + 5. Determine c(0).
5
Let u(y) = -63*y**3 + 239*y**2 + 11*y - 16. Calculate u(4).
-180
Let i(j) = -2*j**3 + 192*j**2 - 3042*j - 69. Give i(20).
